at is the tens digit of 29861?
6
What is the units digit of 62190?
0
What is the thousands digit of 5684?
5
What is the hundreds digit of 3332?
3
What is the units digit of 71?
1
What is the tens digit of 853?
5
What is the tens digit of 1526?
2
What is the units digit of 1932?
2
What is the hundreds digit of 344?
3
What is the ten thousands digit of 17106?
1
What is the thousands digit of 4562?
4
What is the hundreds digit of 31429?
4
What is the hundreds digit of 4764?
7
What is the tens digit of 442?
4
What is the units digit of 223?
3
What is the thousands digit of 1681?
1
What is the hundreds digit of 136734?
7
What is the tens digit of 6315?
1
What is the thousands digit of 8515?
8
What is the hundreds digit of 16876?
8
What is the tens digit of 680?
8
What is the thousands digit of 59079?
9
What is the tens digit of 452?
5
What is the tens digit of 17527?
2
What is the tens digit of 973?
7
What is the units digit of 7942?
2
What is the hundreds digit of 64865?
8
What is the units digit of 1017?
7
What is the tens digit of 232?
3
What is the tens digit of 1742?
4
What is the units digit of 656?
6
What is the thousands digit of 1507?
1
What is the hundreds digit of 204?
2
What is the units digit of 723?
3
What is the units digit of 113619?
9
What is the hundreds digit of 1025?
0
What is the units digit of 67?
7
What is the thousands digit of 3607?
3
What is the thousands digit of 1381?
1
What is the thousands digit of 45558?
5
What is the ten thousands digit of 113763?
1
What is the units digit of 24185?
5
What is the units digit of 800?
0
What is the hundreds digit of 12388?
3
What is the hundreds digit of 2090?
0
What is the units digit of 43746?
6
What is the units digit of 3654?
4
What is the ten thousands digit of 24854?
2
What is the units digit of 11166?
6
What is the hundreds digit of 1132?
1
What is the thousands digit of 124247?
4
What is the thousands digit of 19002?
9
What is the tens digit of 35829?
2
What is the units digit of 35783?
3
What is the tens digit of 85321?
2
What is the ten thousands digit of 13010?
1
What is the units digit of 9692?
2
What is the tens digit of 32978?
7
What is the thousands digit of 11475?
1
What is the thousands digit of 87184?
7
What is the thousands digit of 13291?
3
What is the thousands digit of 3944?
3
What is the units digit of 811?
1
What is the tens digit of 10732?
3
What is the tens digit of 6937?
3
What is the thousands digit of 20142?
0
What is the units digit of 2913?
3
What is the thousands digit of 9109?
9
What is the thousands digit of 14864?
4
What is the hundreds digit of 4567?
5
What is the thousands digit of 113918?
3
What is the tens digit of 3690?
9
What is the thousands digit of 109585?
9
What is the tens digit of 7749?
4
What is the tens digit of 31535?
3
What is the units digit of 248?
8
What is the hundreds digit of 97493?
4
What is the tens digit of 22?
2
What is the units digit of 458?
8
What is the hundreds digit of 15306?
3
What is the ten thousands digit of 12442?
1
What is the hundreds digit of 50388?
3
What is the thousands digit of 22667?
2
What is the tens digit of 78?
7
What is the tens digit of 923?
2
What is the tens digit of 3022?
2
What is the hundreds digit of 206?
2
What is the units digit of 20192?
2
What is the units digit of 1636?
6
What is the hundreds digit of 280?
2
What is the tens digit of 696?
9
What is the thousands digit of 1098?
1
What is the units digit of 182?
2
What is the units digit of 492?
2
What is the hundreds digit of 21758?
7
What is the hundreds digit of 2253?
2
What is the thousands digit of 1304?
1
What is the hundreds digit of 483?
4
What is the hundreds digit of 1936?
9
What is the tens digit of 6872?
7
What is the tens digit of 1457?
5
What is the thousands digit of 1584?
1
What is the ten thousands digit of 26130?
2
What is the thousands digit of 13248?
3
What is the thousands digit of 6695?
6
What is the units digit of 342?
2
What is the tens digit of 6548?
4
What is the thousands digit of 14367?
4
What is the thousands digit of 2973?
2
What is the thousands digit of 3534?
3
What is the hundreds digit of 1680?
6
What is the units digit of 36?
6
What is the thousands digit of 26815?
6
What is the hundreds digit of 57175?
1
What is the ten thousands digit of 10542?
1
What is the hundreds digit of 93744?
7
What is the tens digit of 787?
8
What is the hundreds digit of 239?
2
What is the hundreds digit of 46728?
7
What is the thousands digit of 37333?
7
What is the units digit of 206?
6
What is the hundreds digit of 2596?
5
What is the units digit of 28662?
2
What is the tens digit of 4370?
7
What is the thousands digit of 23798?
3
What is the units digit of 152?
2
What is the hundreds digit of 1814?
8
What is the tens digit of 1797?
9
What is the thousands digit of 4227?
4
What is the units digit of 3351?
1
What is the units digit of 6181?
1
What is the hundreds digit of 19113?
1
What is the tens digit of 201?
0
What is the hundreds digit of 228?
2
What is the hundreds digit of 326?
3
What is the tens digit of 5907?
0
What is the tens digit of 80280?
8
What is the units digit of 1374?
4
What is the ten thousands digit of 15526?
1
What is the hundreds digit of 507?
5
What is the units digit of 38684?
4
What is the hundreds digit of 6971?
9
What is the tens digit of 3768?
6
What is the thousands digit of 33680?
3
What is the thousands digit of 5941?
5
What is the units digit of 3148?
8
What is the hundreds digit of 2186?
1
What is the tens digit of 77748?
4
What is the thousands digit of 4888?
4
What is the hundreds digit of 18302?
3
What is the tens digit of 2412?
1
What is the units digit of 25?
5
What is the units digit of 136?
6
What is the thousands digit of 2365?
2
What is the thousands digit of 69583?
9
What is the thousands digit of 3193?
3
What is the ten thousands digit of 119730?
1
What is the thousands digit of 6578?
6
What is the units digit of 48002?
2
What is the units digit of 467?
7
What is the hundreds digit of 2788?
7
What is the thousands digit of 41997?
1
What is the tens digit of 1234?
3
What is the hundreds digit of 6577?
5
What is the thousands digit of 28594?
8
What is the units digit of 219?
9
What is the ten thousands digit of 28358?
2
What is the tens digit of 171?
7
What is the thousands digit of 22614?
2
What is the units digit of 11076?
6
What is the thousands digit of 1382?
1
What is the units digit of 39600?
0
What is the units digit of 7089?
9
What is the thousands digit of 4295?
4
What is the units digit of 2618?
8
What is the tens digit of 435?
3
What is the units digit of 210730?
0
What is the units digit of 4078?
8
What is the thousands digit of 149106?
9
What is the tens digit of 115085?
8
What is the hundreds digit of 3286?
2
What is the hundreds digit of 7334?
3
What is the tens digit of 8443?
4
What is the units digit of 12274?
4
What is the hundreds digit of 6276?
2
What is the tens digit of 979?
7
What is the tens digit of 50?
5
What is the units digit of 967?
7
What is the units digit of 876?
6
What is the tens digit of 980?
8
What is the hundreds digit of 43205?
2
What is the tens digit of 2565?
6
What is the hundreds digit of 4547?
5
What is the units digit of 6519?
9
What is the ten thousands digit of 27150?
2
What is the units digit of 1839?
9
What is the tens digit of 60?
6
What is the tens digit of 3903?
0
What is the hundreds digit of 1313?
3
What is the hundreds digit of 165?
1
What is the tens digit of 6173?
7
What is the tens digit of 8666?
6
What is the units digit of 48239?
9
What is the tens digit of 6193?
9
What is the units digit of 1033?
3
What is the ten thousands digit of 36840?
3
What is the units digit of 17293?
3
What is the hundreds digit of 3524?
5
What is the thousands digit of 1226?
1
What is the thousands digit of 2879?
2
What is the units digit of 156689?
9
What is the tens digit of 765?
6
What is the units digit of 85?
5
What is the hundreds digit of 2042?
0
What is the hundreds digit of 275?
2
What is the ten thousands digit of 13160?
1
What is the thousands digit of 7114?
7
What is the tens digit of 196?
9
What is the thousands digit of 8741?
8
What is the tens digit of 16630?
3
What is the tens digit of 968?
6
What is the hundreds digit of 672?
6
Wha